e 10*k = -0*k + x. What is the hundreds digit of k?
1
Let p be 6/(6/15*5). Suppose 5*j - 2*a = 5499, 2*j - 5*j + p*a + 3303 = 0. What is the hundreds digit of j?
0
Let f = 5527 + 8926. What is the hundreds digit of f?
4
Let r = -299 + 309. Suppose 5*x = -3*j + 6932, 3*x - 12*j - 4163 = -r*j. What is the hundreds digit of x?
3
Let v(b) = 93*b - 19. Let m = -57 + 66. What is the hundreds digit of v(m)?
8
Suppose -360648 = -495*d + 2432637. What is the units digit of d?
3
Let p(h) = 12*h**2 - 29 - 5*h**2 - 13*h**2 + h**3 + h - 8*h. What is the tens digit of p(14)?
4
Suppose 0 = 60*s - 367761 - 727419. What is the ten thousands digit of s?
1
Let n(t) = 69*t**2 - 70*t + 1106. What is the hundreds digit of n(14)?
6
Suppose 4 + 6 = 5*a, -w + 4*a = 0. Suppose w*m = 316 + 60. Suppose -2*t + m = -15. What is the units digit of t?
1
Let o(b) = 49*b**2 + 40*b - 246. Let s be o(8). Suppose 56*a = 59*a - s. What is the hundreds digit of a?
0
Let x be 0*(2/(-6))/((-4)/6). Suppose x = 5*w + 12*w - 10251. What is the tens digit of w?
0
Suppose 100*b + 67699 = 5*g + 97*b, 0 = -2*g - 3*b + 27067. What is the ten thousands digit of g?
1
Let x = 887 - 888. Let p(d) = -42*d + 24. What is the units digit of p(x)?
6
What is the hundreds digit of (-12)/3 + 2 - (-2980 - -13)*5?
8
Let i = 10 - 0. Suppose 7*j - i*j + 6 = 0. Let w(d) = 53*d - 9. What is the tens digit of w(j)?
9
Suppose 3*q + 35558 = -20*q. Let n = q + 3190. What is the units digit of n?
4
Suppose 10 = m + 5. Suppose -2*g = -5*t + 405, 3*t - m*g - 326 + 64 = 0. What is the units digit of t?
9
Let x = 629 - 625. Suppose 0 = -0*f - 3*f + 33. Let o = f + x. What is the tens digit of o?
1
Let f(d) = 4199*d + 14164. What is the thousands digit of f(7)?
3
Let y = 45 - 30. Let x = 1565 + -1311. Suppose y*v - x = 2116. What is the hundreds digit of v?
1
Suppose -c = 2, -u + 4*c = 2*u - 26. Let v(g) = -11 + 5*g - u - 28 - 2*g. What is the tens digit of v(20)?
1
Let t(j) = -3*j**3 + 17*j**2 + 26*j + 393. What is the ten thousands digit of t(-14)?
1
Let v be 1/(6/243*(-3)/(-2)). Suppose 576 = v*r - 1314. What is the units digit of r?
0
Suppose 34*z = 51*z - 135541. What is the hundreds digit of z?
9
Suppose r - 4*p = 17, 3*r + 3*p - 30 = -r. Let k(h) = 5*h**2 - 15*h + 31. What is the tens digit of k(r)?
0
Let q(t) = 2*t**2 + 12*t - 183. Let h be (6 + -2)*17/((-34)/(-12)). What is the tens digit of q(h)?
5
Suppose -5*m + 294 + 416 = 0. Let c be (-6336)/(-640) + (-1)/(-10). Let k = c + m. What is the tens digit of k?
5
Let b(c) = c**3 - 2*c**2 - 2*c. Let l = 40 + -37. Let w be b(l). Suppose z + 5*i - 14 = 0, 0 = -w*z - 3*i + 28 + 50. What is the units digit of z?
9
Suppose 19*b = -1295 + 408541. What is the hundreds digit of b?
4
Let v(d) = -d**2 - 183*d - 328. What is the thousands digit of v(-114)?
7
Suppose 5*j + 770 = 2*w + 7*j, 4*w + 3*j - 1545 = 0. Let b = 1704 - w. What is the hundreds digit of b?
3
Let u(j) = 5157*j**2 + 99*j + 376. What is the thousands digit of u(-4)?
2
Suppose 4*r - 230*q + 235*q = 21119, 3*r - 15873 = 3*q. What is the units digit of r?
6
Let z = 94625 - 56550. What is the tens digit of z?
7
Suppose 2*h + 137729 + 34963 = 14*h. What is the ten thousands digit of h?
1
Let u(i) = i**2 - 31. Let n be u(7). Suppose n*v - 29*v = -9207. What is the units digit of v?
7
Suppose g - 5 = 0, i - 5*g - 3 + 1 = 0. What is the hundreds digit of (22560/i)/5 + 1/(-9)?
1
Let m be 0*5/20*2. Suppose -18*x + 20*x - 246 = m. What is the units digit of x?
3
Let i = 3754 + -5356. Let t = i - -2336. What is the units digit of t?
4
Let g = 2869 - 4787. Let r = -665 - g. What is the units digit of r?
3
Suppose -317*f - 3852208 = -19155700. What is the hundreds digit of f?
2
Let y(x) = x**3 - 5*x**2 + 3*x + 4. Let h be y(4). Let z be -11 - (h + (-4)/1). Let k = 83 - z. What is the units digit of k?
0
Suppose -4*q + 68 = 40. Suppose -q - 8 = -3*x. Suppose 72 = x*h - 13. What is the tens digit of h?
1
Let u = -6821 + 11436. What is the thousands digit of u?
4
What is the units digit of 14889/((3 + -2)*(-6 + -5 + 12))?
9
Let r(y) = 472*y**2 - 4*y + 4. Suppose 13 = 5*m + 10*j - 12*j, -4*j = 2*m + 14. What is the units digit of r(m)?
2
Let l = 29 - 26. Suppose 14 = -l*v + 2*r, -r - 8 = 2*v - 2*r. Let h(c) = -7*c**3 - c**2 + c. What is the units digit of h(v)?
0
Let h(d) = -d**3 - 3*d**2 + d + 1. Let o be h(-4). Suppose -8*m + o + 819 = 0. Let v = -34 + m. What is the tens digit of v?
7
Let x(l) = 2*l**2 + 190*l - 7121. What is the thousands digit of x(44)?
5
What is the units digit of ((2/16)/1)/((-531)/(-45313416))?
7
Let k = -107 - -99. Let v be 3 + ((-14)/k - 8/(-32)). Suppose v*d = 57 + 113. What is the units digit of d?
4
Let l(o) = 2*o**3 + 15*o**2 - 6*o - 30. Let s be l(6). What is the hundreds digit of (-3)/((2*(-9)/s)/1)?
1
Let f = -65 - -68. Suppose -278 - 412 = -f*i + 3*q, -q = -4*i + 926. Suppose -4*j + i - 584 = -4*g, g - 2*j = 91. What is the tens digit of g?
8
Let p be 1/1 - (1 + -643). Let m = 1698 - p. What is the units digit of m?
5
Suppose -a = -2*f - 3*f - 7, 3*f = 2*a - 7. Suppose -2*d - a*j - 2*j + 932 = 0, -2*d - j = -926. Suppose -5*p - d = -11*p. What is the tens digit of p?
7
Suppose 291*f + 4*c = 286*f + 20330, -4*f + c = -16264. What is the hundreds digit of f?
0
Let y = 648 - 644. Suppose -15*q = -5*m - 10*q + 2865, y*m - 2*q - 2294 = 0. What is the tens digit of m?
7
Let m(h) = -3*h**3 - h + 533. Let t be m(0). Suppose -4*n = t - 2313. What is the tens digit of n?
4
Suppose -5 = r, -500 = -5*m + 2*r + 5030. Suppose 1020 = 3*z - m. Suppose -4*x - 5*q + z = 61, 491 = 3*x - 2*q. What is the units digit of x?
3
Let q = -99 + 103. Suppose -t = 4*m - 3521, 5*m = -0*m - q*t + 4404. What is the tens digit of m?
8
Suppose 2*m + 1 = 11. Suppose -3*z - 5*i + 5 = -m*z, 2*z + 2*i = 16. Suppose -z*j - 591 = -8*j. What is the hundreds digit of j?
1
Let g be 24/(-84) + 1508/(-14). Let i = -39 - -245. Let h = g + i. What is the units digit of h?
8
Let l = 9779 + -2293. What is the tens digit of l?
8
Suppose 0 = 17*y - y + 5920. Let s = y - -609. What is the tens digit of s?
3
Let j(b) = -b**3 + 26*b**2 - 36*b - 55. Let v be j(24). Let y = v + -26. What is the hundreds digit of y?
2
Let j(t) be the third derivative of -9*t**4/2 - 45*t**3/2 - 57*t**2. What is the units digit of j(-5)?
5
Suppose -46722 = 1264*h - 1270*h. What is the hundreds digit of h?
7
Let w(c) = 18*c - 47. Let v = -412 - -426. What is the tens digit of w(v)?
0
Let s(l) = -119*l**3 - 12*l**2 - 8*l - 18. What is the thousands digit of s(-5)?
4
Let u(g) = 34*g + 3 + 10*g - 15*g**2 - 2*g - 10 + 15 - g**3. What is the hundreds digit of u(-18)?
2
Let o(v) = -v**3 + 10*v**2 + 31*v - 9. Let f(k) = k**2 - 1. Let t(m) = -2*f(m) - o(m). What is the hundreds digit of t(16)?
5
Let j be (-166)/6*-13 - 4/6. Let h = -240 + j. What is the units digit of h?
9
Let d = 9671 + 445. What is the thousands digit of d?
0
Let a = 2489 - -4381. What is the tens digit of a?
7
Let o(l) = 7*l + 59. Let z be o(-22). Let m = z + 397. What is the units digit of m?
2
Let x be (2/(-3))/((-18)/8937). Suppose 5*t + l + 207 - 756 = 0, x = 3*t - l. Suppose -3*f + 323 = 5*o, 4*f - 2*o = -t + 532. What is the hundreds digit of f?
1
Let d be (28/56)/(2/4)*-23. Let q(t) = -35*t - 92. What is the units digit of q(d)?
3
Let h = -39 - -43. Let l be 16/h + -1 + 1 + 0. Suppose 4*r = -l + 84. What is the tens digit of r?
2
What is the hundreds digit of (13/((-78)/(-33576)))/(((-60)/95)/(-6))?
1
Suppose 8*b = -3*o + 4*b + 1, -3*o - 5*b = -5. Let g(t) = 7*t**2 + 10*t - 2. What is the hundreds digit of g(o)?
1
Suppose -4*w - z - 54 = -9*w, w = 5*z + 30. Suppose 736 + 824 = w*c. What is the tens digit of c?
5
Suppose -x + 9 = 4*z - 4*x, 0 = z + x + 3. Suppose z = -55*h + 6090 + 1995. What is the units digit of h?
7
Let q = -138 + 147. Suppose 4*x + 0*h + 2*h - 30 = 0, h = -x + q. What is the units digit of x?
6
Let y be -2*1 + 14 - 0. Let l(c) = 11*c**2 - c**3 - c**3 + c**3 + 9*c + c**2 + 1 - 18. What is the tens digit of l(y)?
9
Suppose -7753*o + 43596 = -7746*o. What is the tens digit of o?
2
Let x(h) = 2*h + 31. Let z(j) = 2*j + 1 + 11 - 3 + 21. Let b(o) = 3*x(o) - 2*z(o). What is the units digit of b(-11)?
1
Let m be (17/(-34))/(2/(-68)). Let z(y) = 2 - 87 - 10*y + 26*y. What is the u